{"id":131,"date":"2018-06-19T15:53:44","date_gmt":"2018-06-19T20:53:44","guid":{"rendered":"https:\/\/brimstone.webplantmedia.com\/?page_id=7"},"modified":"2024-04-09T09:38:47","modified_gmt":"2024-04-09T09:38:47","slug":"home","status":"publish","type":"page","link":"https:\/\/neuruppiner-bilderbogen.de\/","title":{"rendered":"Wir \u00fcber uns"},"content":{"rendered":"[vc_row el_id=&#8220;ueberuns&#8220;][vc_column][vc_column_text]\r\n<h2>Was wir wollen<\/h2>\r\nDer gemeinn\u00fctzige Verein Neuruppiner Bilderbogen wurde am 24.01.2019 gegr\u00fcndet. Zweck des Vereins ist die F\u00f6rderung der Kunst und Kultur in der Fontanestadt Neuruppin und der umliegenden Region durch die Realisierung kultureller Projekte wie z.B. Ausstellungen, Kunstprojekte und Lesungen. Ebenfalls im Fokus unserer T\u00e4tigkeit liegen die F\u00f6rderung der Heimatpflege und Heimatkunde sowie die Unterst\u00fctzung des Bereichs der Jugend- und Altenhilfe.<span class=\"Apple-converted-space\">\u00a0<\/span>[\/vc_column_text][vc_column_text]Als junger Verein sind wir bestrebt neue Impulse zu setzen. Wir wollen das Miteinander in unserer Region st\u00e4rken und mit diesem WIR-Gef\u00fchl Menschen dazu ermutigen, die eigene Kulturlandschaft mitzugestalten. Ganz besonders liegen uns Projekte am Herzen, die jungen Menschen nachhaltig und spielerisch Wissen vermitteln und verschiedene Generationen zusammenbringen.[\/vc_column_text][vc_column_text]<strong>Ansprechpartner<span class=\"Apple-converted-space\">\u00a0<\/span><\/strong>\r\n\r\nNadine Brodehl &#8211; 1. Vorsitzende\r\nMarion Pomerenke &#8211; 2. Vorsitzende[\/vc_column_text][vc_separator][\/vc_column][\/vc_row][vc_row el_id=&#8220;galerie&#8220;][vc_column][vc_column_text]\r\n<h2>Aktuelles<\/h2>\r\n[\/vc_column_text][vc_hoverbox image=&#8220;442&#8243; primary_title=&#8220;&#8220; hover_title=&#8220;M\u00e4rz 2023: Start Anmeldungen!&#8220;]Es ist soweit: Die Anmeldephase startet f\u00fcr permaKULTUR for future! Wer noch mit einer Klasse teilnehmen m\u00f6chte, kann sich unter projekt@neuruppiner-bilderbogen.de anmelden.[\/vc_hoverbox][vc_separator][vc_hoverbox image=&#8220;436&#8243; primary_title=&#8220;&#8220; hover_title=&#8220;November 2023: Pflanzstart f\u00fcr permaKULTUR for future&#8220;]Es ist der 11.11. und wir haben uns nicht als G\u00e4rtner:innen verkleidet &#8211; nein wir g\u00e4rtnern tats\u00e4chlich! Wir buddeln flei\u00dfig Beerenpflanzen in die Erde &#8211; Schlehe, Wei\u00dfdorn, Holunder, Aronia, Sanddorn und sooo viel mehr &#8211; ein Paradies f\u00fcr V\u00f6gel![\/vc_hoverbox][vc_separator][vc_column_text]\r\n<h2><\/h2>\r\n<h2>Unsere Projekte<\/h2>\r\nHier k\u00f6nnt ihr Euch einen Eindruck \u00fcber unsere Arbeit verschaffen.[\/vc_column_text][vc_column_text]<strong>permaKULTUR for future<\/strong>\r\n\r\n<em>01.10.2023-15.07.2024<\/em>\r\n<div class=\"page\" title=\"Page 1\">\r\n<div class=\"layoutArea\">\r\n<div class=\"column\">\r\n\r\nUmweltbewusstsein und Klimawandel &#8211; das sind brennende Themen unserer Zeit. Die Meldungen von immer neuen traurigen Rekorden ha\u0308ufen sich und trotzdem geht es darum, sich auf positive Beispiele und Mo\u0308glichkeiten zu fokussieren, die zum Schutz der Umwelt beitragen. Gerade junge Menschen stehen hier besonders im Konflikt: Es war noch nie einfacher alles zu jeder Zeit zu bekommen und gleichzeitig werden sie die Konsequenzen in der Zukunft am sta\u0308rksten spu\u0308ren. Deshalb ist es wichtig, Kinder und Jugendliche fru\u0308h dafu\u0308r zu sensibilisieren, wie unsere Umwelt gezielt geschu\u0308tzt werden kann.\r\n\r\nAuch das Team des Neuruppiner Bilderbogen e.V. mo\u0308chte einen Beitrag in dieser Diskussion leisten. Mit dem Projekt &#8222;permaKULTUR for future&#8220; ermo\u0308glicht der Verein Schu\u0308ler:innen Einblicke in eine nachhaltige und umweltfreundliche Art, mit der Natur zu arbeiten. In der Permakultur werden natu\u0308rliche Prozesse und Kreisla\u0308ufe spezifisch unterstu\u0308tzt. Dadurch ko\u0308nnen langfristig gesunde O\u0308kosysteme geschaffen werden, die sowohl der Umwelt als auch den Menschen zugutekommen. Schu\u0308ler:innen lernen die Grundprinzipien der Permakultur kennen und erarbeiten interaktiv in Gruppen verschiedene Fragestellungen zu dem Thema. Der Verein hat im Rahmen des Projektes Elemente der Permakultur als Modellfl\u00e4chen angelegt, die entdeckt und zusammen diskutiert werden k\u00f6nnen.\r\n\r\nDas Projekt richtet sich an Schu\u0308ler:innen der Klassenstufen 5-12 aus dem Landkreis Ostprignitz-Ruppin. In dem Zeitraum vom 29.05. bis 27.06.2024 finden immer mittwochs und donnerstags Workshops auf dem Vereinsgel\u00e4nde statt.\r\n\r\nDer Verein bedankt sich herzlich bei der Deutschen Stiftung fu\u0308r Engagement fu\u0308r die gro\u00dfzu\u0308gige Fo\u0308rderung. Das Projekt wird ebenfalls von der Stiftung Soziales Neuruppin unterstu\u0308tzt. Die Teilnahme ist fu\u0308r die Schu\u0308ler:innen kostenlos.\r\n\r\n<\/div>\r\n<\/div>\r\n<\/div>\r\n[\/vc_column_text][vc_images_carousel images=&#8220;425,432&#8243; img_size=&#8220;full&#8220;][vc_column_text]<strong>KlappeDie1.<\/strong>\r\n\r\n<em>01.04.-30.08.2021<\/em>\r\n\r\nDas Projekt &#8222;KlappeDIE1.&#8220; lie\u00df Grundsch\u00fcler*innen vor und hinter der Kamera sch\u00f6pferisch t\u00e4tig werden. In zwei 5-t\u00e4gigen Projektwochen, vom 28.06.-02-07.21 sowie anschlie\u00dfend vom 05.07.-09.07. waren die Teilnehmer*innen dazu eingeladen, mit Regisseur und Workshop-Leiter Kai Seekings Drehb\u00fccher zu erarbeiten und diese filmerisch sowie im Filmschnitt<span class=\"Apple-converted-space\">\u00a0 <\/span>umzusetzen. Die Werke wurden am 19.08.21 im Rahmen der Premiere-Veranstaltung auf gro\u00dfer Leinwand pr\u00e4sentiert.\r\n\r\nZielgruppe waren Grundsch\u00fcler*innen aus dem Landkreis Ostprignitz-Ruppin von der 3. bis 6. Klasse mit dem Anliegen, die Medienkompetenz der Kinder nachhaltig zu verbessern und ihnen die M\u00f6glichkeit zu bieten, anstelle des t\u00e4glichen Konsums Medien kreativ zu nutzen. Neben den technischen F\u00e4higkeiten, die in den Workshops weiterentwickelt wurden, waren auch Soft Skills gefragt. Engagement, Kreativit\u00e4t, Vertrauen in die eigene Meinung und Selbstwirksamkeit, um hinter und vor der Kamera zu agieren, konnten aktiv gef\u00f6rdert werden. Gleichzeitig gewannen die Sch\u00fcler*innen spannende Einblicke hinter die Kulissen des Film- und Musikgesch\u00e4fts.\r\n<div class=\"page\" title=\"Page 1\">\r\n<div class=\"layoutArea\">\r\n<div class=\"column\">\r\n\r\nDas Projekt fand Unterstu\u0308tzung durch den Landkreis Ostprignitz-Ruppin, die Stadt Neuruppin, die Stiftung fu\u0308r den Landkreis der Sparkasse Ostprignitz-Ruppin und die Neuruppiner Stadtwerke. Ohne diese gro\u00dfzu\u0308gige Fo\u0308rderung wa\u0308re die Umsetzung vor allem als kostenloses Angebot fu\u0308r die Schu\u0308ler*innen nicht mo\u0308glich gewesen.\r\n\r\n<\/div>\r\n<\/div>\r\n<\/div>\r\n[\/vc_column_text][vc_images_carousel images=&#8220;424,423&#8243; img_size=&#8220;full&#8220;][vc_column_text]<strong>Licht der Hoffnung<\/strong>\r\n\r\n<em>12.04. \u2013 18.04.2020<\/em>\r\n\r\nAuch in Zeiten des Stillstandes ist es nicht still um den Verein geworden. Den Menschen Mut zu machen und den Zusammenhalt zu st\u00e4rken stand nun an oberster Stelle. Doch was durfte man noch? Die Idee eines Lichtstrahls der \u00fcber ganz Neuruppin leuchtet und so m\u00f6glichst viele Menschen erreichen kann war geboren. Und was lag da n\u00e4her als das Wahrzeichen der Stadt \u2013 die Klosterkirche mit ihren zwei markanten, hochgelegenen T\u00fcrmen \u2013 als Ausgangspunkt. Von Pfarrer Thomas Klemm-Wollny erhielt die Idee schnell Zuspruch. Der Lichtstrahl erg\u00e4nzte die Aktion der Kirche, bei der Lichter ins Fenster gestellt wurden. In diesem Sinne: LICHT AN in dunkleren Zeiten![\/vc_column_text][vc_images_carousel images=&#8220;351,352,353,354,355,356,357,358&#8243; img_size=&#8220;full&#8220;][vc_column_text]<strong>Neuer Weihnachtsmarkt \u00a0<\/strong>\r\n\r\n<em>12.12.-15.12.2019<\/em>\r\n\r\nAch war das sch\u00f6n! Mit viel Liebe hat unser Team ein Winterwunderland gezaubert mit tollen \u00dcberraschungen f\u00fcr Jung und Alt \u2013 von einer M\u00e4rchenflimmerstunde, \u00fcber musikalische Darbietungen und regionales Kunsthandwerk, bis hin zum Weihnachtsmann. Tausende Besucher*innen schauten vorbei und w\u00e4rmten sich am Feuer und mit hei\u00dfen Getr\u00e4nken und regionalen K\u00f6stlichkeiten. Viel Spa\u00df bereitete den Kindern das Dekorieren des gro\u00dfen Pfefferkuchenhauses.[\/vc_column_text][vc_images_carousel images=&#8220;329,330,331,332,333,334,335,336,337,338,339,340,341,342&#8243; img_size=&#8220;full&#8220;][vc_column_text]<strong>Flimmerstunde<\/strong>\r\n\r\n<em>21.06 &#8211; 22.06.2019<\/em>\r\n\r\nFilm ab! Im Rahmen unseres Sommerkinos waren alle Kinder, Jugendliche und nat\u00fcrlich auch Erwachsene aus der Region zum gem\u00fctlichen Beisammensitzen eingeladen. Zahlreiche gro\u00dfe und kleine Besucher*innen folgten der Einladung auf die Wiese an der Klosterkirche und genossen ein paar sch\u00f6ne und vor allem lustige Sommerstunden. Zahlreiche Leckereien und vor allem die Junisonne vers\u00fc\u00dften das Kino-Wochenende. Sch\u00f6n, dass ihr dabei wart.[\/vc_column_text][vc_images_carousel images=&#8220;344,343,345,346,347,348,349&#8243; img_size=&#8220;full&#8220;][vc_column_text]<strong>Seniorentanzcaf\u00e9<\/strong>\r\n\r\n<em>16.03.2020<\/em>\r\n\r\nIm Rahmen Brandenburgs gr\u00f6\u00dfter Ausstellung an Laubs\u00e4gearbeiten waren alle Senior*innen herzlich zu unserem sonnt\u00e4glichen Tanzcaf\u00e9 eingeladen. Bei Kaffee und Kuchen konnte die Ausstellung besichtigt und zur Live-Musik von Bernd K\u00f6pke, dem singenden Seemann, ausgiebig geschwooft werden.[\/vc_column_text][vc_images_carousel images=&#8220;371,372,373,374,375&#8243; img_size=&#8220;full&#8220;][\/vc_column][\/vc_row][vc_row el_id=&#8220;mitmachen&#8220;][vc_column][vc_column_text]\r\n<h2>Mitmachen<\/h2>\r\nSeid mit dabei und werdet Mitglied. Mit einem Mitgliedsbeitrag in H\u00f6he von 50 Euro im Jahr unterst\u00fctzt ihr unsere Projekte und k\u00f6nnt die Zukunft des Vereins mitgestalten. Dabei freuen wir uns, wenn du Zeit mitbringst und uns auch in der Umsetzung unterst\u00fctzen kannst. Unseren Anmeldebogen k\u00f6nnt ihr hier herunterladen.\u00a0 Genauere Informationen findet ihr in unserer Satzung. Bei Fragen kontaktiert uns gern!\r\n\r\nHabt ihr keine Zeit mit anzupacken, aber trotzdem Lust uns zu unterst\u00fctzen? Dann freuen wir uns \u00fcber eine kleine Spende. Nat\u00fcrlich erhaltet ihr im Anschluss eine Spendenquittung.\r\n\r\nKonto: Sparkasse Ostprignitz-Ruppin\r\nIBAN: DE88 1605 0202 1001 0391 61\r\nBIC: WELADED1OPR\r\n\r\nVielen Dank![\/vc_column_text][vc_separator][\/vc_column][\/vc_row][vc_row el_id=&#8220;kontakt&#8220;][vc_column][vc_column_text]\r\n<h2>Kontakt<\/h2>\r\n<strong>Neuruppiner Bilderbogen e.V.<\/strong>\r\nVereinssitz: Hugo-Eckener-Ring 40\r\n16816 Neuruppin\r\n\r\nTelefon: 03391\/5125778\r\n\r\nE-Mail: info@neuruppiner-bilderbogen.de\r\nWebsite: www.neuruppiner-bilderbogen.de\r\n\r\nVorstand:\u00a0 Nadine Brodehl &#8211; 1. Vorsitzende\r\nMarion Pomerenke &#8211; 2. Vorssitzende\r\n\r\nRegister: Amtsgericht Neuruppin, VR 5259\r\nSteuer-Nr.: 052\/141\/09117[\/vc_column_text][\/vc_column][\/vc_row]","protected":false},"excerpt":{"rendered":"<p>[vc_row el_id=&#8220;ueberuns&#8220;][vc_column][vc_column_text] Was wir wollen Der gemeinn\u00fctzige Verein Neuruppiner Bilderbogen wurde am 24.01.2019 gegr\u00fcndet. Zweck des Vereins ist die F\u00f6rderung&hellip;<\/p>\n","protected":false},"author":1,"featured_media":0,"parent":0,"menu_order":0,"comment_status":"closed","ping_status":"closed","template":"","meta":{"footnotes":""},"cb_excerpt":"[vc_row el_id=&#8220;ueberuns&#8220;][vc_column][vc_column_text] Was wir wollen Der gemeinn\u00fctzige Verein Neuruppiner Bilderbogen wurde am 24.01.2019 gegr\u00fcndet. Zweck des Vereins ist die F\u00f6rderung der Kunst und Kultur in der Fontanestadt Neuruppin und der umliegenden Region durch die Realisierung kultureller Projekte wie z.B. Ausstellungen, Kunstprojekte und Lesungen. Ebenfalls im Fokus unserer T\u00e4tigkeit liegen die F\u00f6rderung der Heimatpflege und Heimatkunde sowie die Unterst\u00fctzung des Bereichs&hellip;","_links":{"self":[{"href":"https:\/\/neuruppiner-bilderbogen.de\/index.php?rest_route=\/wp\/v2\/pages\/131"}],"collection":[{"href":"https:\/\/neuruppiner-bilderbogen.de\/index.php?rest_route=\/wp\/v2\/pages"}],"about":[{"href":"https:\/\/neuruppiner-bilderbogen.de\/index.php?rest_route=\/wp\/v2\/types\/page"}],"author":[{"embeddable":true,"href":"https:\/\/neuruppiner-bilderbogen.de\/index.php?rest_route=\/wp\/v2\/users\/1"}],"replies":[{"embeddable":true,"href":"https:\/\/neuruppiner-bilderbogen.de\/index.php?rest_route=%2Fwp%2Fv2%2Fcomments&post=131"}],"version-history":[{"count":39,"href":"https:\/\/neuruppiner-bilderbogen.de\/index.php?rest_route=\/wp\/v2\/pages\/131\/revisions"}],"predecessor-version":[{"id":445,"href":"https:\/\/neuruppiner-bilderbogen.de\/index.php?rest_route=\/wp\/v2\/pages\/131\/revisions\/445"}],"wp:attachment":[{"href":"https:\/\/neuruppiner-bilderbogen.de\/index.php?rest_route=%2Fwp%2Fv2%2Fmedia&parent=131"}],"curies":[{"name":"wp","href":"https:\/\/api.w.org\/{rel}","templated":true}]}}